f**4/24 - f**3/2 - f**2. Suppose -8*a + 13*a = 20. Suppose 0 = 6*v - a*v - 10. Calculate i(v).
2
Suppose -7 = -w - 6. Let q(a) = -38*a**2 + 18*a - 9. Let u(m) = 19*m**2 - 10*m + 5. Let x(z) = -4*q(z) - 7*u(z). Give x(w).
18
Let x(n) be the second derivative of n**4/12 + n**3/2 + n**2/2 - 2*n. Let k be ((-1)/(10/(-4)))/((630/18)/(-175)). What is x(k)?
-1
Let z(w) be the first derivative of -w**4/2 + 11*w**3/3 + 5*w**2 - 17*w - 2868. Calculate z(6).
7
Suppose 4*m + 75*b - 5 = 80*b, -2*b + 26 = 4*m. Let g(z) = -4*z**2 - 8*z + 2. Let n(c) = -7*c**2 - 15*c + 3. Let q(t) = m*g(t) - 3*n(t). Calculate q(-6).
7
Let m(d) be the third derivative of d**6/120 - 7*d**5/60 + d**4/24 + 2*d**3/3 + 17035*d**2. Suppose -l + 2*l - 7 = 0. Determine m(l).
11
Let l = -26 + 29. Let s = -9 - -13. Let a(q) = -q**3 + 6*q**2 - 2*q + 4. Let p(i) = i**3 - 6*i**2 + i - 3. Let m(c) = l*p(c) + s*a(c). Determine m(5).
7
Let z(h) = 4 - h**3 + 10*h**2 - 34*h**2 + 30*h + 11*h**2. Let f be z(-15). Let n(g) = -g**3 + 4*g**2 - g + 2. Give n(f).
-2
Suppose 0 = -30*x - 192 - 48. Let o(y) = -y**2 + 14*y + 169. Calculate o(x).
-7
Let b(t) be the third derivative of t**6/120 - t**5/20 - t**4/2 + 4*t**3 - 7*t**2 - 14*t. What is b(4)?
-8
Let n(x) = 5*x**3 + 2*x**2 - 6*x + 3. Let v(t) = t**2 + 5*t - 34. Let y be v(-9). Determine n(y).
39
Let l(c) = c**3 - 6*c**2 + 6*c - 1. Let x be l(5). Let z(k) = k + 5 + 12*k - 14*k. Let r be z(x). Let v(u) = 10*u - 1. What is v(r)?
9
Let c(l) = l**2 - 13*l - 2. Let y be (-10)/(-35) - (-16821)/(-49). Let h = y + 356. Give c(h).
-2
Let i = -242 + 178. Let d = i - -71. Let b(q) = -2*q + 8. What is b(d)?
-6
Let s(v) = v**3 - v + 7. Let k = -55 - -47. Let x(b) = -b**3 - 9*b**2 - 6*b + 16. Let u be x(k). Give s(u).
7
Suppose -32 = -38*o + 9*o + 13*o. Let r(v) = -v**3 - 5. Give r(o).
-13
Let o(z) = 3*z + 10. Let f be (-15)/(-6) - (-12)/8 - 150. Let x = f + 139. What is o(x)?
-11
Let h(s) be the second derivative of -s**5/20 - 3*s**4/4 - 7*s**3/6 + 19*s**2/2 + 18*s. Let z be (-11)/(11/(-6)) - 14. Give h(z).
11
Let i(w) = -w**3 + 6*w**2 - 6*w + 1. Let d = -2 - 4. Let t = -392 + 391. Let y be 14/7 - d - (t - -4). Determine i(y).
-4
Let k(c) = 20*c**2 + 60*c - 83. Let o(t) = -7*t**2 - 20*t + 28. Let b(d) = 6*k(d) + 17*o(d). Suppose -z = 4*u + 90, 348*u - 4*z = 338*u - 186. What is b(u)?
-1
Let m(f) = 22*f**3 - 12*f**2 + 16*f - 32. Let l(g) = 5*g**3 - 3*g**2 + 4*g - 8. Let n(o) = -13*l(o) + 3*m(o). Determine n(-4).
8
Let w(q) = -5*q**3 - 11*q**2 - 103*q + 11. Let d(a) = a**3 + 2. Let y(g) = 6*d(g) + w(g). Calculate y(17).
6
Suppose -5*p + 4*h - 228 = 0, 5*p + 2*h = 3*p - 84. Let z = -39 - p. Let r(o) = o**2 + o**3 + 5 + 15*o + 15*o - 60*o - 5*o**2 + 23*o. What is r(z)?
-5
Suppose -2*i + 30 = -46*w + 40*w, 2*i - 3*w - 51 = 0. Let z(r) be the second derivative of -i*r - 1/2*r**2 + 3/4*r**4 + 0 - 1/3*r**3. What is z(-1)?
10
Let t(d) = -d**2 + 8*d - 13. Let p be t(4). Let h(v) be the second derivative of -14*v - 1/12*v**4 + 1/20*v**5 + 1/6*v**3 + 0 + 1/2*v**2. Give h(p).
22
Let j(l) = l + 11. Let p be j(-7). Let a be (-174)/p - 42/28. Let i = 45 + a. Let h(c) = c**3 - 18. Calculate h(i).
-18
Let t(v) = -13*v**2 - 21*v - 52. Let k(j) = 3*j**2 + 3*j + 13. Let m(l) = -9*k(l) - 2*t(l). Calculate m(18).
-67
Let i(g) = -g**3 + 5*g**2 + 13*g. Let k be i(6). Let l(s) = 39 + 57*s - k - 56*s. Determine l(3).
0
Suppose -48 + 0 = -8*q. Let r(u) = q*u**2 - 1 + 70*u**3 + 7*u + 69*u**3 - 138*u**3. Calculate r(-5).
-11
Let a = -1581 + 1573. Let d(x) = -x**3 - 8*x**2 - 2*x + 3. Calculate d(a).
19
Suppose 9 = 5*x + 19. Let v(p) = p**3 + 4*p**2 + 2*p - 2. Let c be v(x). Let i(s) = 10*s - 3 - 9 + 6 - 4 - s**c. Give i(9).
-1
Let c(h) = -2*h**2 - 28*h**2 - 5*h**3 - 3462747*h + 3462775*h - 42 + 3*h**3. Give c(-16).
22
Let w(f) = -12*f**2 - 3*f + 3. Let v be w(4). Let b = -203 - v. Let i(a) = -3*a**2 - 2*a + 2. Give i(b).
-6
Let v(j) = -7*j - 8. Suppose -2*m - 10 = 2*i, 0 = 23*m - 28*m - i - 37. Determine v(m).
48
Suppose -3*m - 15 + 3 = 0. Let z(i) = 378 + 36*i**2 + 35*i**2 - i**3 - 73*i**2 - 377 + 3*i. Calculate z(m).
21
Let c be (-28)/21 - (-1)/3. Let l(g) = g**3 + 1. Let p(u) = 4*u**3 + 5*u**2 + 3*u + 1. Let i(s) = c*p(s) + 3*l(s). Calculate i(-3).
-7
Let r = 10340 - 10432. Let w = 242 - 340. Let n = w - r. Let m(f) = 3*f + 8. Determine m(n).
-10
Let p(o) = 3*o**3 + 7*o**2 + 6*o - 5. Let q(z) = z**3 + z**2 + z - 5. Let w(d) = -p(d) + 2*q(d). Let r be -4 + 0/(0 + 2). What is w(r)?
-5
Let k(m) = -m**3 - 5*m**2 - 4*m - 2. Let w = -514 + 512. Let h be 3/(w - (-49)/35). Give k(h).
18
Let f be (-24)/10 + (-2)/(-5). Let d(k) = 10*k + 192. Let l be d(-19). Let n(g) = 11*g**2 + 0*g**2 + 2 - 1 + 3*g - 14*g**l. Determine n(f).
-17
Let g(q) = -q**3 + 7*q**2 - 4*q - 8. Suppose 0 = 4*l + 23*l - 162. What is g(l)?
4
Let q(f) = f**2 - 40*f + 79*f - 1 + 44*f**3 - 38*f. Give q(1).
45
Let u be (9 - -5 - 15) + -1 + -2. Let b(s) = -s**2 - 4*s + 4. Calculate b(u).
4
Suppose 3*w - 2*c - 98 = 3*c, -10 = -5*c. Let h = 41 - w. Let f(j) = 10 - 6 - h*j - j + 5*j. Give f(4).
0
Let n(y) be the third derivative of -y**5/60 - y**4/6 + 5*y**3/2 - 4*y**2. Let t = 14671 - 14677. Give n(t).
3
Let x(r) = -r**3 - 10*r**2 - 8*r + 15. Let w = -28448 + 28439. Determine x(w).
6
Let w(r) be the second derivative of r**5/20 + r**4/4 + r**3/2 + 2*r**2 + 4*r + 145. Calculate w(3).
67
Let c(i) be the second derivative of 5*i**3/6 - 49*i**2/2 + 947*i. Give c(8).
-9
Suppose 4*j = -4*v - 256, -2*v - 6*j - 118 = -2*j. Let l = -57 - v. Let d be (-21)/(-3)*l/(-14). Let u(p) = p + 6. Give u(d).
0
Let b = -3157 - -3158. Suppose -3 = -3*x - 3*h + 27, 0 = 3*x - 5*h + 10. Let k(j) = -10*j + x*j + 7*j. Determine k(b).
2
Let a(g) = 5*g**3 + 41*g**2 - 59*g - 1. Let c(t) = 2*t**3 + 13*t**2 - 20*t + 2. Let p(z) = -3*a(z) + 8*c(z). Determine p(18).
1
Let y = 33551 - 33521. Let g(h) = 3*h**2 - 93*h + 89. Determine g(y).
-1
Let u(a) be the second derivative of a**3/6 + 2*a**2 + 3*a. Suppose -q + 13 - 16 = 0. Let n be 2 + 6/(-2) + (-2 - q). Calculate u(n).
4
Let a(r) = 4*r + 4*r - 13*r - 12*r. Let u = -106 - -107. Calculate a(u).
-17
Let d(m) = -2*m**2 + 4*m + 8. Let u be d(3). Let t(b) = 2*b - 184 + 0*b + 181 + b**u. What is t(-6)?
21
Let k be (-57)/(-72) + ((-18)/(-18))/((-8)/6). Let f(q) be the third derivative of -k*q**4 + 41*q**2 + 1/6*q**3 + 0 + 0*q. Determine f(5).
-4
Let j(o) = 5*o + 88. Let f be j(-17). Suppose -3*k = -m - 285, -k + 3*m = -2*k + 85. Let t(z) = -3 - 91*z**2 - z**3 + k*z**2 + 1 + z. Determine t(f).
1
Let m be ((-15)/20*2)/(4 - (-273)/(-70)). Let f(w) = -w**2 - 15*w - 14. Determine f(m).
-14
Let z(o) = o + 77. Let d(i) = -32*i - 994. Let g(x) = -d(x) - 12*z(x). What is g(-5)?
-30
Let y(z) = -32*z**2 + 14*z + 7. Let f(a) = 39*a**2 - 14*a - 10. Let l(u) = 2*f(u) + 3*y(u). What is l(1)?
-3
Let k(u) = u - 7. Let t be 25*(48/(-10) - -5). Let s = -1 + t. Suppose -r = 2*r + 5*y - 45, 0 = r - 2*y - s. Determine k(r).
3
Suppose -11 = 11*w - 33. Suppose n - 17 = -4*m, -2*n + 3*n + 3 = m. Let s(y) = 0*y + 10*y**2 + 3*y + 3*y**w - 11*y**2 - m. Determine s(-3).
5
Let c(i) = 197*i - 400 + 395 - 203*i - i**3 + 5*i**2. Determine c(3).
-5
Suppose -4*n + x + 12 = 3*x, 9 = 3*n + 3*x. Suppose 16 = -n*u + 5*u. Let c(h) = -8*h - 14. Let t(g) = -11*g - 21. Let w(b) = 7*c(b) - 5*t(b). What is w(u)?
-1
Suppose 60*n + 22 = 71*n. Suppose -2*c = -8*i + 12*i + 26, -c + n*i - 5 = 0. Let v(z) = -z**3 - 8*z**2 + 9*z - 5. Calculate v(c).
-5
Let k(t) = -3*t**3 + t**2 + t + 2. Let b(m) = 35*m + 732. Let a(x) = 23*x + 488. Let l(w) = -8*a(w) + 5*b(w). Let p be l(-27). Calculate k(p).
5
Suppose 0 = -0*b - 5*b + 275. Suppose b = 5*s - 50. Let w(c) = -36 - c + 14 + s. Give w(-2).
1
Let a(u) = 3*u - 83 + 216 - 36 - 48 - 5*u. Determine a(21).
7
Let y be (-2 - -1)*(-24)/4. Let m(u) = -24*u + 1 + 5 - u**2 + 107*u - 26*u - 30*u - 22*u. Calculate m(y).
0
Let g(u) = -u**2 - 10*u - 23. Let b be g(-4). Let j(t) = -4*t - 7 + 5 + b. Let m be (-3)/2*14/21. Give j(m).
3
Let n(f) = f**2 + 22*f + 106. Let z be n(-6). Let i(h) = 11 - 4*h - 2 - z. Give i(1).
-5
Let l(b) = -8*b + 37. Suppose 0 = 33*g - 119 - 112. Calculate l(g).
-19
Let v be 5/((-20)/(-27)) - (-183)/(-244). Let s(n) = -n**3 + 8*n**2 - 7*n. Give s(v).
30
Let t(j) be the second derivative of 0 - 1/8*j**4 - 1/6*j**3 + 1